). Let c = -895 - w. What are the prime factors of c?
2, 13, 23
Suppose 2*x = -3*h + 8949, -83*x + 90*x - 31430 = 5*h. List the prime factors of x.
3, 5, 13, 23
Let c be (11/66*33)/(1/74). Let g = 870 - c. What are the prime factors of g?
463
Let f = 217 - 213. Suppose 5*p + 1118 = 3*t, 3*t + f*p - 831 = 332. What are the prime factors of t?
3, 127
Suppose 3*t + 7*c - 2*c = -10, 0 = -5*t + 5*c + 10. Suppose 0 = -t*v - 2*v. What are the prime factors of (-1 - v)/(-3 - 235/(-80))?
2
Suppose 7*p - 12*p = 3*c - 113753, 4*c - 151684 = -5*p. List the prime factors of c.
83, 457
Suppose 15*m + 205 = 14*m. Let b = 602 + m. List the prime factors of b.
397
Let q be 168/15 - 4/20. Suppose 991 = 5*o + q. What are the prime factors of o?
2, 7
Let z = 4105 + -4118. Let v be ((-2)/4)/((-2)/588). Let m = z + v. List the prime factors of m.
2, 67
Let l(d) = -d - 25. Let s(a) = 1. Let q(p) = l(p) + 6*s(p). Let i be q(-5). List the prime factors of (21/i)/((-2)/144).
2, 3
Let v = 21726 - 9612. What are the prime factors of v?
2, 3, 673
What are the prime factors of ((-2414)/(-568))/(1/4)?
17
Let l be (21 + 1)*((-35)/(-5))/14. Let y = l - 23. What are the prime factors of (-1 + (-39)/y)*168/9?
2, 3, 7
Suppose 0 = -13*i + 19*i - 115*i + 8476167. List the prime factors of i.
3, 7, 23
Let s(r) = -175*r - 11. Let i be s(7). Let k be 5*(i/20)/(-3). Let l = k - 7. What are the prime factors of l?
2, 3
Suppose 0 = 8*v - 13 - 3. Suppose 4*h - 2*o - 10 = 0, 3*h = v*h - 5*o + 8. Suppose h*a - 861 = -4*a. What are the prime factors of a?
3, 41
Let l(b) = 86*b - 49. Let a be -14 - -18 - (0 + 0). What are the prime factors of l(a)?
5, 59
Let b(y) = -9*y**2 + 56*y - 9. Let s be b(6). Suppose s*h + 633 = 2106. List the prime factors of h.
491
Let a be (-6)/(-10) + 48/20. Suppose a*o = 52 - 22. Suppose 0 = 4*t - 2 - o. What are the prime factors of t?
3
Suppose -q - 97192 = -4*d - 5*q, -5*d = -q - 121448. What are the prime factors of d?
3, 2699
Suppose 0 = 82*w - 374416 + 166773 - 767583. What are the prime factors of w?
7, 1699
Let n(w) = 4*w**2 - 19*w + 83. Let x be n(6). Suppose 1 = 3*c - 11. Suppose c*s - 391 = x. List the prime factors of s.
2, 3, 7
Let x = 278 - 94. Let d = x - -340. What are the prime factors of d?
2, 131
Let n(f) = f**2 - f - 20. Let z be n(-4). Suppose -8*y = -z*y - 6624. Suppose -6*d + y = -2*d - 4*i, 3*d - 623 = 4*i. What are the prime factors of d?
5, 41
Let g be ((3 + 0 - 2)*0)/2. Let i(h) = -3*h + 2. Let c be i(g). Suppose c*y + 2*y = 2*x + 340, -4*x + 340 = 4*y. List the prime factors of y.
5, 17
Suppose -3 = -2*b + 1. Let s be 42 + 2/(-4) + 6/(-12). What are the prime factors of s - -3*b*4/8?
2, 11
Let s = 290 - 127. Let v = -71 + s. List the prime factors of v.
2, 23
Suppose -13*s + 20028 + 25797 = 0. What are the prime factors of s?
3, 5, 47
Let m = -4164 - -5710. List the prime factors of m.
2, 773
Suppose 5*h - 52651 = 26*k - 22*k, -k + 1 = 0. What are the prime factors of h?
10531
Suppose 7*t = q + 271935, 3*t = 26*q - 23*q + 116559. List the prime factors of t.
3, 23, 563
Let q = -21191 + 40381. List the prime factors of q.
2, 5, 19, 101
Let x(q) = 96*q**2 - 7*q + 39. Let k be x(5). Suppose -4*g = 3*f - k, 4*g = 5*f + 1189 + 1247. What are the prime factors of g?
2, 151
Let t(v) = 6*v**2 - 19*v + 5. Let s(q) = -3*q**2 + 9*q - 2. Let b = -20 - -13. Let i(l) = b*s(l) - 3*t(l). List the prime factors of i(-5).
2, 13
Suppose 2*p + 5 = -z + 8, 5*p = 5*z. Let y(n) = 2*n**2 + 4*n - 3. Let g be y(p). Suppose -68 = -s - g*s. What are the prime factors of s?
17
Let u = -115 - -133. Suppose -31*s + 4615 = -u*s. List the prime factors of s.
5, 71
Let u = -2810 - -4001. What are the prime factors of u?
3, 397
Let q = 69 + -130. Let i = -57 - q. Suppose h = -4, 0 = i*m + 3*h - h - 164. What are the prime factors of m?
43
Let m = 292 + -287. Suppose -8*h + 5*f = -3*h - 1570, -4*f = m*h - 1579. List the prime factors of h.
3, 5, 7
Let g be ((288/54)/16)/(3819/(-1908) + 2). Suppose 2*f = -0*f + 720. Let c = f + g. List the prime factors of c.
2, 37
Suppose 3*g - 3394 = -5*m, -2*m - 8 = -0. Suppose 2870 = 5*l - 5*a, -4*a - g = -2*l - 0*a. List the prime factors of l.
3, 193
Let x = -83967 - -149239. What are the prime factors of x?
2, 41, 199
Let d be 3*(-24)/(-18) - 8. List the prime factors of 7674/12 - (-2)/d.
3, 71
Suppose -25*q + 95*q - 126594 = 44*q. What are the prime factors of q?
3, 541
Let h(l) = l**3 - 9*l**2 + 9*l - 7. Let w be h(6). Suppose z = c + c - 123, 3*z = 5*c - 369. Let k = w - z. What are the prime factors of k?
2, 31
Let j(v) be the first derivative of 23*v**6/40 + v**4/24 - 32*v**3/3 - 12. Let w(d) be the third derivative of j(d). List the prime factors of w(1).
2, 13
Suppose -35567*x = -35574*x + 233660. What are the prime factors of x?
2, 5, 1669
Let p = 2967 + -2475. List the prime factors of p.
2, 3, 41
Let k(t) = -2*t**3 - 32*t**2 - 22*t - 122. What are the prime factors of k(-23)?
2, 5, 19, 41
Let p(i) = -201*i + 310. List the prime factors of p(-6).
2, 379
Let o(l) = 9*l + 49. Let u be o(-7). Let w = 681 + u. What are the prime factors of w?
23, 29
Let t be (26 - (12 - 10))*(-4)/(-1). List the prime factors of (-10885)/(-75) - (t/45 + -2).
5, 29
Let b be ((-220)/(-40))/(1/4*-2). Let m = b - -11. Suppose -72 = -4*g - m*g. List the prime factors of g.
2, 3
Suppose o - 3*v - 9369 = -0*v, -4*v - 9365 = -o. List the prime factors of o.
3, 53, 59
Let f(p) = -14*p + 1 - 2*p**3 - 10 - 4 + 0*p**3. List the prime factors of f(-7).
3, 257
Suppose -2 = -i + 1. Let g = 4283 + -4253. What are the prime factors of g*(2/i + 2)?
2, 5
Suppose 0 = 4*d + 6*d + 470. Let j(t) = -2*t**2 + 7*t + 9. Let h be j(8). Let n = d - h. List the prime factors of n.
2
Let n = 77824 - 53239. List the prime factors of n.
3, 5, 11, 149
Suppose -h = -5*x - 904, h + 2746 = 4*h + 2*x. Let w = h + -667. What are the prime factors of w?
13, 19
Suppose -31*i - 792559 + 1941635 = -743908. List the prime factors of i.
2, 17, 449
Let z(r) be the third derivative of r**5/30 + 49*r**4/24 + 28*r**3 + 21*r**2 - r. List the prime factors of z(-34).
2, 11, 37
Let p be ((-136)/6 - -3)/(7/63). Let u = 470 + p. List the prime factors of u.
293
Suppose 60 - 5 = 11*y. Suppose 2*w - 30 - 1 = y*b, 0 = w + 5*b + 22. Suppose 3 = -3*g, -w*g + 621 = 5*v - 4*g. What are the prime factors of v?
2, 31
Let o(s) = 26 - 2*s - 9 - 55. Let w be o(-19). Suppose w = 3*a - 3*v - 12 - 99, -3*v = -4*a + 152. What are the prime factors of a?
41
Let q = 4316 + -955. List the prime factors of q.
3361
Suppose 17*d + 2297 = -1273. List the prime factors of (4 - d)*(9 + -4 + -3).
2, 107
Let w = 5171 + -3553. Suppose 0 = -b + d + 325, -2*d = 3*b + 2*b - w. What are the prime factors of b?
2, 3
Let t(z) = -z**3 - 9*z**2 + z + 12. Let n be t(-9). Suppose 889 = 4*a - 0*k - k, 0 = -5*a + n*k + 1120. What are the prime factors of a?
13, 17
Suppose -4*b = c - 5*b - 214, -4*c + 856 = 4*b. What are the prime factors of c?
2, 107
Suppose -1989 = -h + 2*l - 49143, 2*h = 3*l - 94306. List the prime factors of 2/(-5)*h/46.
2, 5, 41
Suppose -20 + 10 = -5*q. Suppose -q*h = -7*h + y - 90, -4*y - 39 = h. Let u = h + 67. What are the prime factors of u?
2, 3
Let m = -918 + 4042. List the prime factors of (-14)/35 - m/(-10).
2, 3, 13
Let f(n) = 13*n**2 - 6*n - 13. Suppose -13*x = 26 + 65. List the prime factors of f(x).
2, 3, 37
Suppose -3302 = -t + 4*i, 40 = -40*i + 30*i. List the prime factors of t.
2, 31, 53
Let y(t) = -t**2 + t + 1. Suppose k = -12 + 10. Let z(v) = v**3 + 21*v**2 + 6*v - 2. Let l(n) = k*y(n) - z(n). List the prime factors of l(-19).
2, 19
Let q(t) = -3*t**2 - 16*t - 10. Suppose -l + 5 = 7, 2*y + l = -14. Let w be q(y). What are the prime factors of 2*3/(-33) + (-1698)/w?
7, 11
Let b = -19 - -21. Suppose -b*f - 2*u = 16 - 82, -128 = -4*f - 2*u. Suppose -g + f = 3*g - j, -5*g + 2*j = -41. List the prime factors of g.
7
What are the prime factors of (((-466716)/(-1216))/((-3)/(-4)))/(2/32)?
2, 23, 89
Let c = -7701 - -13067. List the prime factors of c.
2, 2683
Let t(u) = 4*u + 59. Let v be t(-15). What are the prime factors of 366 + (-3 - (v - -2))?
2, 181
Let f be -1*(-152)/(-6)*30/4. Let i = 682 + f. What are the prime factors of i?
2, 3, 41
Let j(i) = 68*i**2 - 15*i + 22. What are the prime factors 